e thousands digit of 621894?
1
What is the hundred thousands digit of 492450?
4
What is the millions digit of 7445225?
7
What is the millions digit of 3611357?
3
What is the thousands digit of 4665825?
5
What is the ten thousands digit of 650686?
5
What is the tens digit of 1723074?
7
What is the millions digit of 4158535?
4
What is the hundreds digit of 578525?
5
What is the hundred thousands digit of 332239?
3
What is the hundreds digit of 1976517?
5
What is the hundred thousands digit of 2521993?
5
What is the hundreds digit of 19571898?
8
What is the hundreds digit of 5001?
0
What is the tens digit of 376606?
0
What is the hundreds digit of 12383691?
6
What is the ten thousands digit of 39109?
3
What is the hundred thousands digit of 5833259?
8
What is the tens digit of 8912?
1
What is the millions digit of 7300973?
7
What is the thousands digit of 1291170?
1
What is the hundred thousands digit of 600742?
6
What is the ten thousands digit of 1040526?
4
What is the tens digit of 15145711?
1
What is the hundreds digit of 159181?
1
What is the hundreds digit of 14370?
3
What is the hundred thousands digit of 277426?
2
What is the units digit of 2688489?
9
What is the ten thousands digit of 25055051?
5
What is the ten thousands digit of 168101?
6
What is the ten thousands digit of 228974?
2
What is the hundred thousands digit of 584151?
5
What is the units digit of 1284133?
3
What is the hundreds digit of 29138?
1
What is the ten thousands digit of 251402?
5
What is the tens digit of 1003797?
9
What is the millions digit of 1084545?
1
What is the hundreds digit of 30232280?
2
What is the ten millions digit of 31145437?
3
What is the thousands digit of 638594?
8
What is the hundreds digit of 287603?
6
What is the ten thousands digit of 4463447?
6
What is the tens digit of 332780?
8
What is the units digit of 1510855?
5
What is the thousands digit of 11499307?
9
What is the hundreds digit of 21316740?
7
What is the tens digit of 1428266?
6
What is the hundreds digit of 808263?
2
What is the hundreds digit of 591099?
0
What is the hundreds digit of 3568549?
5
What is the hundred thousands digit of 462748?
4
What is the tens digit of 5254845?
4
What is the hundreds digit of 1423485?
4
What is the hundred thousands digit of 291013?
2
What is the units digit of 15166317?
7
What is the ten thousands digit of 15060205?
6
What is the ten thousands digit of 88475?
8
What is the hundreds digit of 10897021?
0
What is the ten thousands digit of 1429901?
2
What is the hundreds digit of 774385?
3
What is the units digit of 20890721?
1
What is the hundred thousands digit of 1684639?
6
What is the ten thousands digit of 18783742?
8
What is the ten thousands digit of 392913?
9
What is the hundred thousands digit of 2162601?
1
What is the hundred thousands digit of 137369?
1
What is the hundred thousands digit of 1727331?
7
What is the thousands digit of 41895541?
5
What is the tens digit of 3491294?
9
What is the millions digit of 2781193?
2
What is the hundreds digit of 511420?
4
What is the hundreds digit of 86096?
0
What is the ten thousands digit of 4368162?
6
What is the ten thousands digit of 935894?
3
What is the ten thousands digit of 1242306?
4
What is the ten thousands digit of 372320?
7
What is the hundreds digit of 2533566?
5
What is the thousands digit of 181019?
1
What is the hundred thousands digit of 6296895?
2
What is the thousands digit of 228981?
8
What is the units digit of 428?
8
What is the tens digit of 2369707?
0
What is the hundreds digit of 283374?
3
What is the hundreds digit of 402603?
6
What is the ten thousands digit of 83428?
8
What is the thousands digit of 8871406?
1
What is the tens digit of 152575?
7
What is the hundreds digit of 1262611?
6
What is the thousands digit of 765073?
5
What is the thousands digit of 508662?
8
What is the tens digit of 898013?
1
What is the units digit of 571032?
2
What is the units digit of 4672?
2
What is the hundreds digit of 49690?
6
What is the thousands digit of 1345196?
5
What is the hundreds digit of 33905?
9
What is the hundred thousands digit of 3314956?
3
What is the units digit of 256061?
1
What is the units digit of 106112?
2
What is the ten thousands digit of 953070?
5
What is the tens digit of 86639?
3
What is the units digit of 664204?
4
What is the hundred thousands digit of 125232?
1
What is the thousands digit of 222421?
2
What is the hundred thousands digit of 2502883?
5
What is the thousands digit of 445256?
5
What is the hundreds digit of 2810795?
7
What is the hundred thousands digit of 707623?
7
What is the ten thousands digit of 2470277?
7
What is the tens digit of 3577760?
6
What is the hundred thousands digit of 11634409?
6
What is the ten thousands digit of 218944?
1
What is the hundred thousands digit of 103936?
1
What is the ten thousands digit of 1596128?
9
What is the hundreds digit of 9844241?
2
What is the hundreds digit of 24743823?
8
What is the units digit of 1005482?
2
What is the ten thousands digit of 186017?
8
What is the ten thousands digit of 554029?
5
What is the hundreds digit of 71092?
0
What is the units digit of 4466410?
0
What is the hundred thousands digit of 856554?
8
What is the millions digit of 24690312?
4
What is the tens digit of 13431209?
0
What is the hundreds digit of 1090821?
8
What is the hundreds digit of 349571?
5
What is the millions digit of 8155137?
8
What is the ten thousands digit of 139256?
3
What is the units digit of 415159?
9
What is the thousands digit of 3549718?
9
What is the units digit of 5870791?
1
What is the millions digit of 6917622?
6
What is the units digit of 16127984?
4
What is the thousands digit of 2829940?
9
What is the ten thousands digit of 475549?
7
What is the tens digit of 440001?
0
What is the hundred thousands digit of 528022?
5
What is the tens digit of 196614?
1
What is the units digit of 260354?
4
What is the tens digit of 361588?
8
What is the tens digit of 424437?
3
What is the tens digit of 27855337?
3
What is the tens digit of 67135?
3
What is the tens digit of 9283198?
9
What is the millions digit of 1054225?
1
What is the thousands digit of 166971?
6
What is the hundreds digit of 5698393?
3
What is the thousands digit of 105654?
5
What is the hundred thousands digit of 30453825?
4
What is the hundreds digit of 953730?
7
What is the hundred thousands digit of 164528?
1
What is the ten thousands digit of 4558089?
5
What is the ten thousands digit of 173104?
7
What is the hundred thousands digit of 11999729?
9
What is the hundreds digit of 93656?
6
What is the hundred thousands digit of 4669913?
6
What is the hundreds digit of 248030?
0
What is the ten millions digit of 11000419?
1
What is the hundreds digit of 55279?
2
What is the thousands digit of 1418832?
8
What is the units digit of 5102519?
9
What is the millions digit of 12568217?
2
What is the units digit of 21399017?
7
What is the hundreds digit of 1317511?
5
What is the ten thousands digit of 3009239?
0
What is the units digit of 32211399?
9
What is the ten thousands digit of 4251214?
5
What is the hundreds digit of 1355416?
4
What is the millions digit of 2331575?
2
What is the thousands digit of 10173753?
3
What is the hundred thousands digit of 201587?
2
What is the hundred thousands digit of 4463006?
4
What is the ten thousands digit of 11846627?
4
What is the thousands digit of 229079?
9
What is the ten thousands digit of 37014?
3
What is the thousands digit of 501756?
1
What is the millions digit of 12482250?
2
What is the ten thousands digit of 3614634?
1
What is the tens digit of 157155?
5
What is the ten thousands digit of 1128284?
2
What is the hundreds digit of 257986?
9
What is the hundred thousands digit of 422997?
4
What is the hundreds digit of 365982?
9
What is the hundreds digit of 110891?
8
What is the tens digit of 92659?
5
What is the units digit of 8064995?
5
What is the thousands digit of 533634?
3
What is the hundreds digit of 992547?
5
What is the hundred thousands digit of 790205?
7
What is the tens digit of 735094?
9
What is the hundred thousands digit of 409294?
4
What is the ten thousands digit of 1277539?
7
What is the units digit of 1493404?
4
What is the millions digit of 3248869?
3
What is the units digi